{"id":3,"date":"2022-02-05T16:51:58","date_gmt":"2022-02-05T16:51:58","guid":{"rendered":"http:\/\/lundsteenwiederquist.dk\/?page_id=3"},"modified":"2022-10-29T09:00:24","modified_gmt":"2022-10-29T09:00:24","slug":"privacy-policy","status":"publish","type":"page","link":"https:\/\/lundsteenwiederquist.dk\/index.php\/privacy-policy\/","title":{"rendered":"Privatlivspolitik"},"content":{"rendered":"\n<h2 class=\"wp-block-heading\" id=\"hvem-er-vi\">Hvem er vi?<\/h2>\n\n\n\n<p>Vores hjemmeside er: https:\/\/lundsteenwiederquist.dk og den drives i f\u00e6llesskab af Ea Lundsteen, Lundsteen ApS, CVR 38735268, Email <a href=\"mailto:Ea@lundsteen.biz\" target=\"_blank\" rel=\"noreferrer noopener\">Ea@lundsteen.biz<\/a>, tel. 27111657 og Susanne Wiederquist, Wiederquist ApS, CVR 27526705, Email <a href=\"mailto:Susanne@wiederquist.dk\" target=\"_blank\" rel=\"noreferrer noopener\">Susanne@wiederquist.dk<\/a>, tel. 28401788<\/p>\n\n\n\n<h2 class=\"wp-block-heading\" id=\"kommentarer\">Kommentarer<\/h2>\n\n\n\n<p>N\u00e5r g\u00e6ster l\u00e6gger en kommentar p\u00e5 denne side, indsamler vi de data, der er vist i Kommentarformularen og ogs\u00e5 den bes\u00f8gendes IP adresse og browser, for ar undg\u00e5 spam.<\/p>\n\n\n\n<p><\/p>\n\n\n\n<p>En anonymiseret streng, lavet ud fra din email adresse (ogs\u00e5 kaldet en hash) bliver m\u00e5ske delt med Gravatar, for at se om du bruger den. <br>Gravatars privatlivspolitik er tilg\u00e6ngelig her: <a rel=\"noreferrer noopener\" href=\"https:\/\/automattic.com\/privacy\/\" target=\"_blank\">https:\/\/automattic.com\/privacy\/<\/a>. <br>N\u00e5r din kommentar er godkendt, er dit profilbillede synligt for andre, der ser din kommentar.<\/p>\n\n\n\n<h2 class=\"wp-block-heading\" id=\"billeder\">Billeder<\/h2>\n\n\n\n<p>Hvis du uploader billeder til denne webside, b\u00f8r du undg\u00e5 at uploade billeder med indlejret lokations data. G\u00e6ster p\u00e5 denne hjemmeside kan downloade og uddrage alle data fra billeder p\u00e5 hjemmesiden.<\/p>\n\n\n\n<p><\/p>\n\n\n\n<h2 class=\"wp-block-heading\" id=\"smakager-cookies\">Sm\u00e5kager (Cookies)<\/h2>\n\n\n\n<p>Vi elsker sm\u00e5kager! <\/p>\n\n\n\n<p>Men du skal vide, at hvis du efterlader en kommentar p\u00e5 vores hjemmeside, s\u00e5 har du automatisk givet lov til at vi gemmer dit navn, din email og eventuel hjemmeside i cookies og der kan oplysningerne v\u00e6re i op til 1 \u00e5r.<br>De er &#8211; ligesom de sm\u00e5kager vi elsker &#8211; til din fordel, for s\u00e5 skal du ikke skrive alt ind, hver gang du efterlader en kommentar.<\/p>\n\n\n\n<p>Hvis du bes\u00f8ger redigerer eller publicerer en artikel, vil der blive gemt en ekstra cookie i din browser. Denne cookie indeholder ingen personlige data, og indikerer udelukkende ID p\u00e5 den artikel du lige har redigeret\/publiceret. Denne cookie bliver slettet efter en dag.<\/p>\n\n\n\n<p><\/p>\n\n\n\n<h2 class=\"wp-block-heading\" id=\"indlejret-indhold-fra-andre-websider\">Indlejret indhold fra andre Websider<\/h2>\n\n\n\n<p>Artikler p\u00e5 denne hjemmeside kan indeholde indlejret indhold (eksempelvis videoer, billeder, artikler mv.). <br>Indlejret indhold fra andre hjemmesider opf\u00f8rer sig p\u00e5 n\u00f8jagtigt samme m\u00e5de, som hvis den bes\u00f8gende bes\u00f8gte den anden hjemmeside.<\/p>\n\n\n\n<p>Disse hjemmesider indsamler m\u00e5ske data om dig, bruger cookies, indlejret 3-parts sporring, og monitorerer din interaktion med det indlejrede indhold, herunder sporer din interaktion med det indlejrede indhold, hvis du har en konto og er logget ind p\u00e5 hjemmesiden.<\/p>\n\n\n\n<p><\/p>\n\n\n\n<h2 class=\"wp-block-heading\" id=\"hvor-laenge-beholder-vi-dine-data\">Hvor l\u00e6nge beholder vi dine data?<\/h2>\n\n\n\n<p>Hvis du l\u00e6gger en kommentar, er den og kommentarens metadata gemt for evigt. Det er for at vi kan genkende og godkende efterf\u00f8lgende kommentarer, i stedet for at opbevare dem i en moderations-k\u00f8.<\/p>\n\n\n\n<p>For brugere, der registrerer sig p\u00e5 vores hjemmeside, gemmer vi ogs\u00e5 de personlige oplysninger, de oplyser i deres bruger-profil. Alle brugere kan til enhver tid se, rette og slette deres personlige information (dog kan man ikke \u00e6ndre brugernavn).<br>Hjemmesidens administratorer kan ogs\u00e5 se og rette denne information.<\/p>\n\n\n\n<h2 class=\"wp-block-heading\" id=\"dine-rettigheder-til-egne-data\">Dine rettigheder til egne data<\/h2>\n\n\n\n<p>Hvis du har efterladt kommentarer p\u00e5 denne side, kan du anmode om at f\u00e5 en eksporteret fil over de personlige data vi opbevarer om dig, indeholdende al den data du har givet os. <br>Du kan ogs\u00e5 bede os om at slette alle personlige data vi opbevarer om dig. Dette involverer ikke data, som vi skal opbevare af administrative, juridiske eller sikkerhedsm\u00e6ssige \u00e5rsager.<\/p>\n\n\n\n<p>Vi henviser i \u00f8vrigt til privatlivspolitikkerne p\u00e5 vores hjemmesider <a href=\"http:\/\/www.wiederquist.dk\" data-type=\"URL\" data-id=\"www.wiederquist.dk\" target=\"_blank\" rel=\"noreferrer noopener\">www.wiederquist.dk<\/a> og <a href=\"http:\/\/www.lundsteen.biz\" data-type=\"URL\" data-id=\"www.lundsteen.biz\" target=\"_blank\" rel=\"noreferrer noopener\">www.lundsteen.biz<\/a>.<\/p>\n\n\n\n<h2 class=\"wp-block-heading\" id=\"hvor-sender-vi-dine-data-hen\">Hvor sender vi dine data hen?<\/h2>\n\n\n\n<p>Kommentarer fra bes\u00f8gende kan blive tjekket via en automatisk spam service.<\/p>\n\n\n\n<p><\/p>\n","protected":false},"excerpt":{"rendered":"<p>Hvem er vi? Vores hjemmeside er: https:\/\/lundsteenwiederquist.dk og den drives i f\u00e6llesskab af Ea Lundsteen, Lundsteen ApS, CVR 38735268, Email Ea@lundsteen.biz, tel. 27111657 og Susanne Wiederquist, Wiederquist ApS, CVR 27526705, Email Susanne@wiederquist.dk, tel. 28401788 Kommentarer N\u00e5r g\u00e6ster l\u00e6gger en kommentar p\u00e5 denne side, indsamler vi de data, der er vist i Kommentarformularen og ogs\u00e5 den &hellip; <\/p>\n<p class=\"link-more\"><a href=\"https:\/\/lundsteenwiederquist.dk\/index.php\/privacy-policy\/\" class=\"more-link\">L\u00e6s videre<span class=\"screen-reader-text\"> &#8220;Privatlivspolitik&#8221;<\/span><\/a><\/p>\n","protected":false},"author":1,"featured_media":0,"parent":0,"menu_order":0,"comment_status":"closed","ping_status":"open","template":"","meta":{"footnotes":""},"class_list":["post-3","page","type-page","status-publish","hentry"],"yoast_head":"<!-- This site is optimized with the Yoast SEO plugin v27.4 - https:\/\/yoast.com\/product\/yoast-seo-wordpress\/ -->\n<title>Privatlivspolitik -<\/title>\n<meta name=\"robots\" content=\"index, follow, max-snippet:-1, max-image-preview:large, max-video-preview:-1\" \/>\n<link rel=\"canonical\" href=\"https:\/\/lundsteenwiederquist.dk\/index.php\/privacy-policy\/\" \/>\n<meta property=\"og:locale\" content=\"da_DK\" \/>\n<meta property=\"og:type\" content=\"article\" \/>\n<meta property=\"og:title\" content=\"Privatlivspolitik -\" \/>\n<meta property=\"og:description\" content=\"Hvem er vi? Vores hjemmeside er: https:\/\/lundsteenwiederquist.dk og den drives i f\u00e6llesskab af Ea Lundsteen, Lundsteen ApS, CVR 38735268, Email Ea@lundsteen.biz, tel. 27111657 og Susanne Wiederquist, Wiederquist ApS, CVR 27526705, Email Susanne@wiederquist.dk, tel. 28401788 Kommentarer N\u00e5r g\u00e6ster l\u00e6gger en kommentar p\u00e5 denne side, indsamler vi de data, der er vist i Kommentarformularen og ogs\u00e5 den &hellip; L\u00e6s videre &quot;Privatlivspolitik&quot;\" \/>\n<meta property=\"og:url\" content=\"https:\/\/lundsteenwiederquist.dk\/index.php\/privacy-policy\/\" \/>\n<meta property=\"article:modified_time\" content=\"2022-10-29T09:00:24+00:00\" \/>\n<meta name=\"twitter:card\" content=\"summary_large_image\" \/>\n<meta name=\"twitter:label1\" content=\"Estimeret l\u00e6setid\" \/>\n\t<meta name=\"twitter:data1\" content=\"3 minutter\" \/>\n<script type=\"application\/ld+json\" class=\"yoast-schema-graph\">{\"@context\":\"https:\\\/\\\/schema.org\",\"@graph\":[{\"@type\":\"WebPage\",\"@id\":\"https:\\\/\\\/lundsteenwiederquist.dk\\\/index.php\\\/privacy-policy\\\/\",\"url\":\"https:\\\/\\\/lundsteenwiederquist.dk\\\/index.php\\\/privacy-policy\\\/\",\"name\":\"Privatlivspolitik -\",\"isPartOf\":{\"@id\":\"https:\\\/\\\/lundsteenwiederquist.dk\\\/#website\"},\"datePublished\":\"2022-02-05T16:51:58+00:00\",\"dateModified\":\"2022-10-29T09:00:24+00:00\",\"breadcrumb\":{\"@id\":\"https:\\\/\\\/lundsteenwiederquist.dk\\\/index.php\\\/privacy-policy\\\/#breadcrumb\"},\"inLanguage\":\"da-DK\",\"potentialAction\":[{\"@type\":\"ReadAction\",\"target\":[\"https:\\\/\\\/lundsteenwiederquist.dk\\\/index.php\\\/privacy-policy\\\/\"]}]},{\"@type\":\"BreadcrumbList\",\"@id\":\"https:\\\/\\\/lundsteenwiederquist.dk\\\/index.php\\\/privacy-policy\\\/#breadcrumb\",\"itemListElement\":[{\"@type\":\"ListItem\",\"position\":1,\"name\":\"Hjem\",\"item\":\"https:\\\/\\\/lundsteenwiederquist.dk\\\/\"},{\"@type\":\"ListItem\",\"position\":2,\"name\":\"Privatlivspolitik\"}]},{\"@type\":\"WebSite\",\"@id\":\"https:\\\/\\\/lundsteenwiederquist.dk\\\/#website\",\"url\":\"https:\\\/\\\/lundsteenwiederquist.dk\\\/\",\"name\":\"\",\"description\":\"G\u00f8r det sv\u00e6re enkelt\",\"potentialAction\":[{\"@type\":\"SearchAction\",\"target\":{\"@type\":\"EntryPoint\",\"urlTemplate\":\"https:\\\/\\\/lundsteenwiederquist.dk\\\/?s={search_term_string}\"},\"query-input\":{\"@type\":\"PropertyValueSpecification\",\"valueRequired\":true,\"valueName\":\"search_term_string\"}}],\"inLanguage\":\"da-DK\"}]}<\/script>\n<!-- \/ Yoast SEO plugin. -->","yoast_head_json":{"title":"Privatlivspolitik -","robots":{"index":"index","follow":"follow","max-snippet":"max-snippet:-1","max-image-preview":"max-image-preview:large","max-video-preview":"max-video-preview:-1"},"canonical":"https:\/\/lundsteenwiederquist.dk\/index.php\/privacy-policy\/","og_locale":"da_DK","og_type":"article","og_title":"Privatlivspolitik -","og_description":"Hvem er vi? Vores hjemmeside er: https:\/\/lundsteenwiederquist.dk og den drives i f\u00e6llesskab af Ea Lundsteen, Lundsteen ApS, CVR 38735268, Email Ea@lundsteen.biz, tel. 27111657 og Susanne Wiederquist, Wiederquist ApS, CVR 27526705, Email Susanne@wiederquist.dk, tel. 28401788 Kommentarer N\u00e5r g\u00e6ster l\u00e6gger en kommentar p\u00e5 denne side, indsamler vi de data, der er vist i Kommentarformularen og ogs\u00e5 den &hellip; L\u00e6s videre \"Privatlivspolitik\"","og_url":"https:\/\/lundsteenwiederquist.dk\/index.php\/privacy-policy\/","article_modified_time":"2022-10-29T09:00:24+00:00","twitter_card":"summary_large_image","twitter_misc":{"Estimeret l\u00e6setid":"3 minutter"},"schema":{"@context":"https:\/\/schema.org","@graph":[{"@type":"WebPage","@id":"https:\/\/lundsteenwiederquist.dk\/index.php\/privacy-policy\/","url":"https:\/\/lundsteenwiederquist.dk\/index.php\/privacy-policy\/","name":"Privatlivspolitik -","isPartOf":{"@id":"https:\/\/lundsteenwiederquist.dk\/#website"},"datePublished":"2022-02-05T16:51:58+00:00","dateModified":"2022-10-29T09:00:24+00:00","breadcrumb":{"@id":"https:\/\/lundsteenwiederquist.dk\/index.php\/privacy-policy\/#breadcrumb"},"inLanguage":"da-DK","potentialAction":[{"@type":"ReadAction","target":["https:\/\/lundsteenwiederquist.dk\/index.php\/privacy-policy\/"]}]},{"@type":"BreadcrumbList","@id":"https:\/\/lundsteenwiederquist.dk\/index.php\/privacy-policy\/#breadcrumb","itemListElement":[{"@type":"ListItem","position":1,"name":"Hjem","item":"https:\/\/lundsteenwiederquist.dk\/"},{"@type":"ListItem","position":2,"name":"Privatlivspolitik"}]},{"@type":"WebSite","@id":"https:\/\/lundsteenwiederquist.dk\/#website","url":"https:\/\/lundsteenwiederquist.dk\/","name":"","description":"G\u00f8r det sv\u00e6re enkelt","potentialAction":[{"@type":"SearchAction","target":{"@type":"EntryPoint","urlTemplate":"https:\/\/lundsteenwiederquist.dk\/?s={search_term_string}"},"query-input":{"@type":"PropertyValueSpecification","valueRequired":true,"valueName":"search_term_string"}}],"inLanguage":"da-DK"}]}},"_links":{"self":[{"href":"https:\/\/lundsteenwiederquist.dk\/index.php\/wp-json\/wp\/v2\/pages\/3","targetHints":{"allow":["GET"]}}],"collection":[{"href":"https:\/\/lundsteenwiederquist.dk\/index.php\/wp-json\/wp\/v2\/pages"}],"about":[{"href":"https:\/\/lundsteenwiederquist.dk\/index.php\/wp-json\/wp\/v2\/types\/page"}],"author":[{"embeddable":true,"href":"https:\/\/lundsteenwiederquist.dk\/index.php\/wp-json\/wp\/v2\/users\/1"}],"replies":[{"embeddable":true,"href":"https:\/\/lundsteenwiederquist.dk\/index.php\/wp-json\/wp\/v2\/comments?post=3"}],"version-history":[{"count":12,"href":"https:\/\/lundsteenwiederquist.dk\/index.php\/wp-json\/wp\/v2\/pages\/3\/revisions"}],"predecessor-version":[{"id":229,"href":"https:\/\/lundsteenwiederquist.dk\/index.php\/wp-json\/wp\/v2\/pages\/3\/revisions\/229"}],"wp:attachment":[{"href":"https:\/\/lundsteenwiederquist.dk\/index.php\/wp-json\/wp\/v2\/media?parent=3"}],"curies":[{"name":"wp","href":"https:\/\/api.w.org\/{rel}","templated":true}]}}