{"id":9,"date":"2022-02-05T18:05:04","date_gmt":"2022-02-05T18:05:04","guid":{"rendered":"http:\/\/lundsteenwiederquist.dk\/?page_id=9"},"modified":"2023-01-29T09:54:13","modified_gmt":"2023-01-29T08:54:13","slug":"home","status":"publish","type":"page","link":"https:\/\/lundsteenwiederquist.dk\/","title":{"rendered":"Hjem"},"content":{"rendered":"\n<p>Velkommen til vores hjemmeside &#8211; her deler vi ud af vores viden p\u00e5 besk\u00e6ftigelsesomr\u00e5det.<\/p>\n\n\n\n<p>Du er velkommen til at bruge materialet her fra siden, med tydelig kildeangivelse.<\/p>\n\n\n\n<p>Vi h\u00e5ber at du finder noget du kan bruge og at du kontakter os, hvis du har sp\u00f8rgsm\u00e5l eller kommentarer &#8211; vi gl\u00e6der os til at h\u00f8re fra dig.<\/p>\n\n\n\n<p>Bedste hilsner<\/p>\n\n\n\n<p>Susanne og Ea<\/p>\n","protected":false},"excerpt":{"rendered":"<p>Velkommen til vores hjemmeside &#8211; her deler vi ud af vores viden p\u00e5 besk\u00e6ftigelsesomr\u00e5det. Du er velkommen til at bruge materialet her fra siden, med tydelig kildeangivelse. Vi h\u00e5ber at du finder noget du kan bruge og at du kontakter os, hvis du har sp\u00f8rgsm\u00e5l eller kommentarer &#8211; vi gl\u00e6der os til at h\u00f8re fra &hellip; <\/p>\n<p class=\"link-more\"><a href=\"https:\/\/lundsteenwiederquist.dk\/\" class=\"more-link\">L\u00e6s videre<span class=\"screen-reader-text\"> &#8220;Hjem&#8221;<\/span><\/a><\/p>\n","protected":false},"author":1,"featured_media":312,"parent":0,"menu_order":0,"comment_status":"closed","ping_status":"closed","template":"","meta":{"footnotes":""},"class_list":["post-9","page","type-page","status-publish","has-post-thumbnail","hentry"],"yoast_head":"<!-- This site is optimized with the Yoast SEO plugin v27.4 - https:\/\/yoast.com\/product\/yoast-seo-wordpress\/ -->\n<title>Hjem -<\/title>\n<meta name=\"robots\" content=\"index, follow, max-snippet:-1, max-image-preview:large, max-video-preview:-1\" \/>\n<link rel=\"canonical\" href=\"https:\/\/lundsteenwiederquist.dk\/\" \/>\n<meta property=\"og:locale\" content=\"da_DK\" \/>\n<meta property=\"og:type\" content=\"article\" \/>\n<meta property=\"og:title\" content=\"Hjem -\" \/>\n<meta property=\"og:description\" content=\"Velkommen til vores hjemmeside &#8211; her deler vi ud af vores viden p\u00e5 besk\u00e6ftigelsesomr\u00e5det. Du er velkommen til at bruge materialet her fra siden, med tydelig kildeangivelse. Vi h\u00e5ber at du finder noget du kan bruge og at du kontakter os, hvis du har sp\u00f8rgsm\u00e5l eller kommentarer &#8211; vi gl\u00e6der os til at h\u00f8re fra &hellip; L\u00e6s videre &quot;Hjem&quot;\" \/>\n<meta property=\"og:url\" content=\"https:\/\/lundsteenwiederquist.dk\/\" \/>\n<meta property=\"article:modified_time\" content=\"2023-01-29T08:54:13+00:00\" \/>\n<meta property=\"og:image\" content=\"https:\/\/lundsteenwiederquist.dk\/wp-content\/uploads\/2023\/01\/Susanne2-scaled.jpg\" \/>\n\t<meta property=\"og:image:width\" content=\"2560\" \/>\n\t<meta property=\"og:image:height\" content=\"1868\" \/>\n\t<meta property=\"og:image:type\" content=\"image\/jpeg\" \/>\n<meta name=\"twitter:card\" content=\"summary_large_image\" \/>\n<script type=\"application\/ld+json\" class=\"yoast-schema-graph\">{\"@context\":\"https:\\\/\\\/schema.org\",\"@graph\":[{\"@type\":\"WebPage\",\"@id\":\"https:\\\/\\\/lundsteenwiederquist.dk\\\/\",\"url\":\"https:\\\/\\\/lundsteenwiederquist.dk\\\/\",\"name\":\"Hjem -\",\"isPartOf\":{\"@id\":\"https:\\\/\\\/lundsteenwiederquist.dk\\\/#website\"},\"primaryImageOfPage\":{\"@id\":\"https:\\\/\\\/lundsteenwiederquist.dk\\\/#primaryimage\"},\"image\":{\"@id\":\"https:\\\/\\\/lundsteenwiederquist.dk\\\/#primaryimage\"},\"thumbnailUrl\":\"https:\\\/\\\/lundsteenwiederquist.dk\\\/wp-content\\\/uploads\\\/2023\\\/01\\\/Susanne2-scaled.jpg\",\"datePublished\":\"2022-02-05T18:05:04+00:00\",\"dateModified\":\"2023-01-29T08:54:13+00:00\",\"breadcrumb\":{\"@id\":\"https:\\\/\\\/lundsteenwiederquist.dk\\\/#breadcrumb\"},\"inLanguage\":\"da-DK\",\"potentialAction\":[{\"@type\":\"ReadAction\",\"target\":[\"https:\\\/\\\/lundsteenwiederquist.dk\\\/\"]}]},{\"@type\":\"ImageObject\",\"inLanguage\":\"da-DK\",\"@id\":\"https:\\\/\\\/lundsteenwiederquist.dk\\\/#primaryimage\",\"url\":\"https:\\\/\\\/lundsteenwiederquist.dk\\\/wp-content\\\/uploads\\\/2023\\\/01\\\/Susanne2-scaled.jpg\",\"contentUrl\":\"https:\\\/\\\/lundsteenwiederquist.dk\\\/wp-content\\\/uploads\\\/2023\\\/01\\\/Susanne2-scaled.jpg\",\"width\":2560,\"height\":1868},{\"@type\":\"BreadcrumbList\",\"@id\":\"https:\\\/\\\/lundsteenwiederquist.dk\\\/#breadcrumb\",\"itemListElement\":[{\"@type\":\"ListItem\",\"position\":1,\"name\":\"Hjem\",\"item\":\"https:\\\/\\\/lundsteenwiederquist.dk\\\/\"},{\"@type\":\"ListItem\",\"position\":2,\"name\":\"Hjem\"}]},{\"@type\":\"WebSite\",\"@id\":\"https:\\\/\\\/lundsteenwiederquist.dk\\\/#website\",\"url\":\"https:\\\/\\\/lundsteenwiederquist.dk\\\/\",\"name\":\"\",\"description\":\"G\u00f8r det sv\u00e6re enkelt\",\"potentialAction\":[{\"@type\":\"SearchAction\",\"target\":{\"@type\":\"EntryPoint\",\"urlTemplate\":\"https:\\\/\\\/lundsteenwiederquist.dk\\\/?s={search_term_string}\"},\"query-input\":{\"@type\":\"PropertyValueSpecification\",\"valueRequired\":true,\"valueName\":\"search_term_string\"}}],\"inLanguage\":\"da-DK\"}]}<\/script>\n<!-- \/ Yoast SEO plugin. -->","yoast_head_json":{"title":"Hjem -","robots":{"index":"index","follow":"follow","max-snippet":"max-snippet:-1","max-image-preview":"max-image-preview:large","max-video-preview":"max-video-preview:-1"},"canonical":"https:\/\/lundsteenwiederquist.dk\/","og_locale":"da_DK","og_type":"article","og_title":"Hjem -","og_description":"Velkommen til vores hjemmeside &#8211; her deler vi ud af vores viden p\u00e5 besk\u00e6ftigelsesomr\u00e5det. Du er velkommen til at bruge materialet her fra siden, med tydelig kildeangivelse. Vi h\u00e5ber at du finder noget du kan bruge og at du kontakter os, hvis du har sp\u00f8rgsm\u00e5l eller kommentarer &#8211; vi gl\u00e6der os til at h\u00f8re fra &hellip; L\u00e6s videre \"Hjem\"","og_url":"https:\/\/lundsteenwiederquist.dk\/","article_modified_time":"2023-01-29T08:54:13+00:00","og_image":[{"width":2560,"height":1868,"url":"https:\/\/lundsteenwiederquist.dk\/wp-content\/uploads\/2023\/01\/Susanne2-scaled.jpg","type":"image\/jpeg"}],"twitter_card":"summary_large_image","schema":{"@context":"https:\/\/schema.org","@graph":[{"@type":"WebPage","@id":"https:\/\/lundsteenwiederquist.dk\/","url":"https:\/\/lundsteenwiederquist.dk\/","name":"Hjem -","isPartOf":{"@id":"https:\/\/lundsteenwiederquist.dk\/#website"},"primaryImageOfPage":{"@id":"https:\/\/lundsteenwiederquist.dk\/#primaryimage"},"image":{"@id":"https:\/\/lundsteenwiederquist.dk\/#primaryimage"},"thumbnailUrl":"https:\/\/lundsteenwiederquist.dk\/wp-content\/uploads\/2023\/01\/Susanne2-scaled.jpg","datePublished":"2022-02-05T18:05:04+00:00","dateModified":"2023-01-29T08:54:13+00:00","breadcrumb":{"@id":"https:\/\/lundsteenwiederquist.dk\/#breadcrumb"},"inLanguage":"da-DK","potentialAction":[{"@type":"ReadAction","target":["https:\/\/lundsteenwiederquist.dk\/"]}]},{"@type":"ImageObject","inLanguage":"da-DK","@id":"https:\/\/lundsteenwiederquist.dk\/#primaryimage","url":"https:\/\/lundsteenwiederquist.dk\/wp-content\/uploads\/2023\/01\/Susanne2-scaled.jpg","contentUrl":"https:\/\/lundsteenwiederquist.dk\/wp-content\/uploads\/2023\/01\/Susanne2-scaled.jpg","width":2560,"height":1868},{"@type":"BreadcrumbList","@id":"https:\/\/lundsteenwiederquist.dk\/#breadcrumb","itemListElement":[{"@type":"ListItem","position":1,"name":"Hjem","item":"https:\/\/lundsteenwiederquist.dk\/"},{"@type":"ListItem","position":2,"name":"Hjem"}]},{"@type":"WebSite","@id":"https:\/\/lundsteenwiederquist.dk\/#website","url":"https:\/\/lundsteenwiederquist.dk\/","name":"","description":"G\u00f8r det sv\u00e6re enkelt","potentialAction":[{"@type":"SearchAction","target":{"@type":"EntryPoint","urlTemplate":"https:\/\/lundsteenwiederquist.dk\/?s={search_term_string}"},"query-input":{"@type":"PropertyValueSpecification","valueRequired":true,"valueName":"search_term_string"}}],"inLanguage":"da-DK"}]}},"_links":{"self":[{"href":"https:\/\/lundsteenwiederquist.dk\/index.php\/wp-json\/wp\/v2\/pages\/9","targetHints":{"allow":["GET"]}}],"collection":[{"href":"https:\/\/lundsteenwiederquist.dk\/index.php\/wp-json\/wp\/v2\/pages"}],"about":[{"href":"https:\/\/lundsteenwiederquist.dk\/index.php\/wp-json\/wp\/v2\/types\/page"}],"author":[{"embeddable":true,"href":"https:\/\/lundsteenwiederquist.dk\/index.php\/wp-json\/wp\/v2\/users\/1"}],"replies":[{"embeddable":true,"href":"https:\/\/lundsteenwiederquist.dk\/index.php\/wp-json\/wp\/v2\/comments?post=9"}],"version-history":[{"count":4,"href":"https:\/\/lundsteenwiederquist.dk\/index.php\/wp-json\/wp\/v2\/pages\/9\/revisions"}],"predecessor-version":[{"id":83,"href":"https:\/\/lundsteenwiederquist.dk\/index.php\/wp-json\/wp\/v2\/pages\/9\/revisions\/83"}],"wp:featuredmedia":[{"embeddable":true,"href":"https:\/\/lundsteenwiederquist.dk\/index.php\/wp-json\/wp\/v2\/media\/312"}],"wp:attachment":[{"href":"https:\/\/lundsteenwiederquist.dk\/index.php\/wp-json\/wp\/v2\/media?parent=9"}],"curies":[{"name":"wp","href":"https:\/\/api.w.org\/{rel}","templated":true}]}}